44. What is x(0)?
144
Let n(s) = 899*s**2 - 5419*s + 154. What is n(6)?
4
Let t(u) = u**3 + 14*u**2 - 2*u - 20. Give t(-13).
175
Let m(a) = 33*a**3 - 3759*a**2 - 406*a + 7280. Determine m(114).
-16
Let n(c) = 11420*c + 91458. What is n(-8)?
98
Let c(o) = 3*o**3 + 39*o**2 + 1882*o + 22253. What is c(-12)?
101
Let a(i) = -17*i**2 - 181*i - 182. What is a(-11)?
-248
Let z(j) = 15*j**2 + 915*j - 1320. Determine z(-62).
-390
Let z(v) = -v**3 + 412*v + 6301. Give z(-15).
3496
Let x(c) = -1412*c - 21419. Give x(-15).
-239
Let r(a) = -313*a**2 - 5984*a - 683. What is r(-19)?
20
Let y(g) = 3*g**3 + 29*g**2 - 16*g - 480. Calculate y(-6).
12
Let z(l) = -2*l**2 - 145*l + 1740. What is z(0)?
1740
Let h(d) = -6439*d - 44808. Determine h(-7).
265
Let c(n) = -n**3 - 26*n**2 - 8*n + 315. Calculate c(-5).
-170
Let y(o) = o**2 + 4319*o - 675145. What is y(151)?
-175
Let n(b) = 6095935*b + 24383745. Give n(-4).
5
Let h(z) = 9751*z - 195028. Give h(20).
-8
Let g(i) = 60476*i + 362962. Give g(-6).
106
Let p(x) = 2*x**3 + 1599*x**2 - 3984*x + 20858. What is p(-802)?
6
Let w(d) = -678*d**3 + 6101*d**2 + 10*d + 5. Give w(9).
14
Let s(j) = 54*j**2 - 520*j + 841. Determine s(2).
17
Let z(r) = -3*r**2 + 140*r - 158. Determine z(51).
-821
Let q(d) = 1190*d - 10265. Calculate q(10).
1635
Let g(c) = -c**2 - 110*c - 3939. Determine g(-61).
-950
Let h(o) = -371*o + 10734. Give h(30).
-396
Let d(q) = 828*q + 41281. Determine d(-50).
-119
Let g(d) = 1881*d + 1310. Calculate g(-1).
-571
Let z(a) = -968*a - 203269. What is z(-210)?
11
Let k(m) = -2*m**3 + 15*m**2 + 42*m - 4. Calculate k(10).
-84
Let z(c) = 54105*c + 16. Calculate z(0).
16
Let j(v) = 2*v**3 + 48*v**2 - 2000*v - 48036. Calculate j(-24).
-36
Let f(s) = -s**2 - 32*s + 3946. Calculate f(-80).
106
Let d(y) = -y**2 + 1733*y + 246098. What is d(-132)?
-82
Let a(d) = 18*d**2 + 445103*d + 445103. Give a(-1).
18
Let n(i) = i**3 + 22*i**2 + 175*i + 2713. What is n(-20)?
13
Let m(q) = q**3 + 27*q**2 - 144*q - 1605. What is m(-30)?
15
Let y(j) = -10*j**2 + 209*j + 959. What is y(-17)?
-5484
Let u(c) = 8*c**2 - 68*c - 262. Give u(-3).
14
Let a(m) = 209*m - 6097. Give a(29).
-36
Let m(w) = w**3 + 681*w**2 - 12581*w + 709. Give m(-699).
10
Let p(i) = -i**2 + 2222*i - 50645. Determine p(23).
-68
Let c(g) = -3*g**2 - 4404*g - 801960. Give c(-213).
-15
Let w(c) = c**3 + 30*c**2 - 178*c - 3669. Determine w(-32).
-21
Let d(b) = 5*b**2 - 2564*b + 12670. Determine d(5).
-25
Let x(v) = -18*v**2 - 83*v + 65. Determine x(-5).
30
Let q(d) = -2*d**3 + 395*d**2 + 2663*d - 5006. What is q(-8)?
-6
Let w(s) = s**3 + 40*s**2 - 2177*s - 83562. Calculate w(-36).
-6
Let q(z) = -92*z**2 + 223*z - 224. Determine q(1).
-93
Let n(a) = -3*a**2 + 222*a - 2977. Calculate n(57).
-70
Let u(i) = 7*i**2 + 171*i + 198. Calculate u(-16).
-746
Let p(j) = -j**3 - 101*j**2 + 231*j + 1252. Give p(-103).
-1323
Let o(k) = -2402*k + 437163. Determine o(182).
-1
Let j(m) = 37801*m - 831614. What is j(22)?
8
Let s(x) = 4*x**2 + 139*x - 4178. Give s(24).
1462
Let s(q) = -q**2 - 1197*q - 91317. Give s(-82).
113
Let a(j) = 101*j**2 - 581*j - 864. Give a(7).
18
Let h(i) = i**3 - 44*i**2 + 745*i - 23482. Calculate h(40).
-82
Let o(g) = -16*g**3 + 1056*g**2 - 3*g - 3. What is o(66)?
-201
Let i(n) = -n**2 + 52*n - 1114. Determine i(40).
-634
Let x(b) = 357*b - 3945. What is x(11)?
-18
Let d(x) = 790*x + 4886. Determine d(-7).
-644
Let p(z) = z**3 + 50*z**2 + 58*z + 1055. Calculate p(-49).
614
Let t(p) = -43168*p + 733912. What is t(17)?
56
Let k(h) = h**3 - 17*h**2 - 1021*h - 1078. What is k(-24)?
-190
Let p(x) = -x**3 + 88*x**2 - 383*x + 25793. Determine p(87).
41
Let w(b) = -3*b**3 + 2353*b**2 + 90308*b + 1719. Give w(821).
77
Let h(i) = 464*i + 2710. Calculate h(-6).
-74
Let v(q) = 9*q**2 - 2684*q + 13457. Determine v(5).
262
Let o(u) = -u**3 - 173*u**2 - 3695*u + 573. Give o(-148).
-167
Let m(o) = -26294*o + 148. Determine m(0).
148
Let u(o) = 50*o**3 - 1042*o**2 - 174*o + 132. Give u(21).
6
Let o(s) = 6*s**3 - 276*s**2 - 44*s + 641. What is o(46)?
-1383
Let t(u) = -16*u**2 - 1316*u + 10449. Calculate t(8).
-1103
Let d(s) = -2*s**3 - 66*s**2 + 56*s - 381. Give d(-34).
27
Let x(h) = 358*h - 16557. What is x(46)?
-89
Let t(v) = 17*v**3 - 20*v**2 - 12*v + 56. Determine t(3).
299
Let f(b) = b**3 - 40*b**2 - 36*b + 4628. Calculate f(33).
-4183
Let j(z) = -25*z**2 + 3952*z - 374. What is j(158)?
-58
Let z(c) = 9915*c - 158656. What is z(16)?
-16
Let p(i) = -i**3 - 49*i**2 - 327*i - 448. Give p(-5).
87
Let u(l) = 107796*l + 1940523. Determine u(-18).
195
Let n(f) = -766*f + 23549. Give n(31).
-197
Let f(q) = -2*q**2 - 766*q + 3820. Calculate f(5).
-60
Let k(z) = -2*z**3 - 48*z**2 + 119*z + 28. What is k(-27)?
1189
Let f(l) = -4*l**2 + 1186*l + 35453. Give f(-29).
-2305
Let q(i) = -i**2 + 20*i + 102. Give q(-7).
-87
Let q(n) = -236*n - 4653. Determine q(-27).
1719
Let l(z) = 2*z**3 + 21*z**2 - 149*z - 9. Calculate l(7).
663
Let i(o) = 352*o - 6603. Determine i(20).
437
Let f(o) = 1198*o**2 + 13*o - 32. What is f(2)?
4786
Let a(c) = -3*c**3 - 229*c**2 - 543*c - 1951. What is a(-74)?
-101
Let t(x) = -38*x**2 + 186*x + 50. Calculate t(-4).
-1302
Let u(f) = 60*f**3 - 10*f**2 - 48*f + 49. Calculate u(1).
51
Let u(f) = -2*f**3 + 24*f**2 - 1534*f + 20283. What is u(13)?
3
Let i(k) = 245869*k - 4671496. What is i(19)?
15
Let h(p) = -p**2 + 666*p - 93993. What is h(203)?
-4
Let m(i) = -242*i**3 - 247*i**2 + 65*i + 67. Give m(-1).
-3
Let v(x) = 4*x**3 + 87*x**2 + 144*x - 1260. Give v(-19).
-25
Let x(f) = 5*f**3 + 941*f**2 - 82338*f + 3125. Calculate x(65).
5
Let h(b) = -147*b + 4402. Give h(40).
-1478
Let i(n) = -1681*n**2 - 168*n + 171. Calculate i(1).
-1678
Let o(d) = -65*d**3 - 5*d**2 + 2514*d + 7560. Determine o(-3).
1728
Let p(d) = -d**3 + 167*d**2 - 980*d + 192686. Calculate p(168).
-178
Let f(v) = -v**2 + 12433*v + 850049. Determine f(-68).
-19
Let n(w) = -637*w - 27441. Calculate n(-43).
-50
Let z(p) = 115*p**3 - 12074*p**2 - 109*p + 402. What is z(105)?
-18
Let m(a) = -a**3 - 32*a**2 - 57*a - 170. Give m(-31).
636
Let y(r) = -22460*r + 89850. Determine y(4).
10
Let k(y) = 477828*y - 4778292. What is k(10)?
-12
Let a(n) = -2*n**2 - 1022*n - 103565. Give a(-139).
-149
Let p(q) = 77169*q - 308224. What is p(4)?
452
Let l(y) = y**3 - 29*y**2 + 213*y - 287. Determine l(24).
1945
Let k(v) = v**3 + 6*v**2 - 129590*v + 359. Calculate k(-363).
-4
Let j(r) = r**3 - 115*r**2 + 136*r - 1416. Determine j(114).
1092
Let s(n) = -84*n - 17019. Determine s(-218).
1293
Let o(q) = -350*q**2 + 26031*q - 9697. Give o(74).
-3
Let l(x) = x**2 - 111510*x - 3346202. Give l(-30).
-2
Let k(n) = -7405*n + 7451. What is k(1)?
46
Let y(l) = -73*l - 7001. Give y(-96).
7
Let y(g) = 43735*g + 175705. What is y(-4)?
765
Let g(m) = -6*m**3 + 5*m**2 + 135*m - 422. What is g(3)?
-134
Let m(r) = 61*r + 2516. What is m(-56)?
-900
Let j(u) = -u**3 + 18*u**2 + 166*u - 1127. Give j(23).
46
Let z(d) = -2*d**3 + 29*d**2 - 11*d + 69. Calculate z(-5).
1099
Let k(u) = -209*u + 11313. Calculate k(55).
-182
Let z(i) = 8*i**3 - 10*i**2 + 9*i - 67. Calculate z(5).
728
Let q(h) = h**3 - 19*h**2 - 10*h + 678. Determine q(17).
-70
Let m(r) = -9093*r - 45564. Calculate m(-5).
-99
Let g(p) = 616*p**2 + 595*p - 24. Calculate g(-1).
-3
Let m(p) = 2*p**2 + 2026*p - 6076. What is m(3)?
20
Let v(f) = -19457*f - 350273. Determine v(-18).
-47
Let r(s) = -s**3 - 2*s**2 + 4383*s - 30210. Calculate r(7).
30
Let w(u) = -573*u + 40610. Calculate w(70).
500
Let t(d) = 13191*d**2 - 65965*d + 71. What is t(5)?
21
Let x(h) = 361*h**2 + 125272*h + 1744. Calculate x(-347).
9
Let h(g) = 6*g - 1629. What is h(17)?
-1527
Let d(a) = 454*a - 61329. Calculate d(135).
-39
Let f(c) = -27*c + 1080. What is f(39)?
27
Let b(r) = 2*r**3 + 269*r**2 - 416*r - 1068. Determine b(-136).
20
Let k(u) = u**3 + 53*u**2 + 152*u - 619. Calculate k(-48).
3605
Let f(h) = h**3 + 99*h**2 - 197*h + 488. Determine f(-101).
-17
Let a(b) = -2*b**3 + 7*b**2 + 31*b - 122. Give a(6).
-116
Let r(l) = -14830*l - 3025323. Calculate r(-204).
-3
Let q(u) = -28*u**2 - 295*u + 912. Determine q(-13).
15
Let v(l) = l**3 + 345*l**2 + 2056*l + 2770. What is v(-4)?
2
Let s(y) = 39*y**2 - 1388*y + 5582. Give s(4).
654
Let w(d) = -69*d**3 + 106*d**2 - 38*d - 2. Calculate w(1).
-3
Let j(y) = 18*y**